 and 102046?
518
Calculate the highest common divisor of 3891056 and 3952.
208
Calculate the highest common factor of 59150 and 1021150.
650
What is the highest common factor of 3332 and 131024236?
3332
What is the greatest common factor of 903 and 317684?
43
Calculate the greatest common divisor of 5250 and 7347250.
250
Calculate the greatest common divisor of 69160 and 183768.
1976
What is the highest common factor of 25730408 and 532?
76
What is the highest common divisor of 55385 and 355091?
209
What is the highest common divisor of 10732 and 420195362?
5366
What is the greatest common factor of 177048 and 952?
8
Calculate the greatest common factor of 384775 and 220.
5
What is the greatest common factor of 13350 and 1696518?
534
What is the greatest common factor of 126 and 237342?
42
What is the highest common factor of 90409 and 13354?
11
What is the highest common divisor of 19734 and 17749974?
1518
What is the greatest common divisor of 394818 and 3714?
6
What is the greatest common factor of 489402 and 74518?
2014
What is the highest common factor of 60717846 and 7479?
831
What is the highest common factor of 13632 and 2388724?
284
What is the greatest common divisor of 14233 and 2685135?
43
Calculate the greatest common factor of 1234369 and 66646.
709
What is the highest common factor of 1419 and 562848?
33
What is the greatest common factor of 21882 and 133014?
42
Calculate the highest common divisor of 9904546 and 948.
158
What is the greatest common factor of 541491045 and 3?
3
Calculate the highest common divisor of 666316 and 40916.
212
What is the highest common factor of 16200 and 28290450?
150
Calculate the highest common divisor of 305713 and 1841120.
311
What is the greatest common divisor of 33043 and 382573?
191
What is the highest common divisor of 12003923 and 152091?
5633
Calculate the greatest common factor of 177139125 and 2250.
1125
Calculate the greatest common divisor of 131924962 and 1066.
1066
What is the highest common divisor of 188 and 38184304?
188
What is the greatest common divisor of 405 and 274363830?
45
Calculate the greatest common divisor of 45863092 and 88.
44
What is the highest common factor of 60261 and 145536?
1137
Calculate the greatest common factor of 101 and 873411842.
101
Calculate the highest common factor of 276526 and 20299.
383
Calculate the highest common divisor of 948 and 1907919204.
948
What is the highest common divisor of 7909226 and 107?
107
What is the greatest common factor of 1223479 and 74?
37
Calculate the highest common factor of 1584 and 7364544.
528
Calculate the greatest common factor of 45380727 and 82.
41
Calculate the greatest common divisor of 60 and 4365795.
15
What is the greatest common divisor of 310 and 13596755?
155
Calculate the highest common factor of 244827010 and 1670.
1670
Calculate the greatest common divisor of 592 and 12724744.
296
Calculate the highest common divisor of 922009515 and 15.
15
Calculate the highest common divisor of 325 and 250650.
25
Calculate the greatest common factor of 192 and 24840192.
192
Calculate the highest common factor of 8151 and 29502759.
429
What is the highest common factor of 215113144 and 8?
8
What is the highest common factor of 248146 and 1039404?
4682
What is the greatest common factor of 11346 and 16688106?
186
Calculate the highest common divisor of 166 and 1157799868.
166
What is the greatest common factor of 135 and 5834745?
45
What is the greatest common factor of 16980 and 293012540?
5660
What is the greatest common divisor of 179068320 and 3936?
3936
What is the greatest common divisor of 1690 and 142105?
5
What is the greatest common divisor of 22 and 76182007?
11
What is the highest common factor of 167911314 and 62?
62
Calculate the highest common factor of 1576852 and 16.
4
Calculate the highest common factor of 11418000 and 106395.
2595
What is the greatest common divisor of 1386 and 2045106?
126
Calculate the greatest common divisor of 1883525 and 18549.
229
Calculate the highest common factor of 14 and 5350338.
14
Calculate the highest common factor of 175871 and 3626841.
443
What is the greatest common factor of 147687610 and 50?
10
What is the greatest common divisor of 613270162 and 1262?
1262
Calculate the highest common factor of 2606868 and 26100.
1044
Calculate the greatest common factor of 179 and 7756428.
179
Calculate the greatest common factor of 216403800 and 1740.
1740
Calculate the highest common divisor of 403 and 35204.
13
Calculate the highest common divisor of 510 and 3752130.
30
What is the greatest common divisor of 127902500 and 22?
22
Calculate the highest common factor of 18 and 1240977.
3
Calculate the highest common factor of 176059 and 25324.
13
What is the greatest common divisor of 111 and 4621431?
3
Calculate the highest common factor of 2499 and 5674039.
119
Calculate the greatest common factor of 1059840 and 78.
6
Calculate the greatest common factor of 503067 and 703744.
2749
Calculate the highest common factor of 82575659 and 102509.
9319
Calculate the greatest common divisor of 34609 and 135203.
53
What is the greatest common factor of 11630512 and 113522?
3662
Calculate the greatest common divisor of 85100 and 8388100.
2300
What is the greatest common divisor of 30971045 and 385?
35
What is the highest common factor of 13690557 and 1413?
1413
Calculate the highest common factor of 21 and 36129072.
21
Calculate the greatest common factor of 1248 and 1475861088.
1248
Calculate the greatest common divisor of 218223424 and 4352.
1088
Calculate the greatest common divisor of 481971 and 1239.
1239
What is the highest common factor of 261 and 187152573?
87
What is the highest common factor of 3844 and 153140?
124
What is the highest common divisor of 3025460 and 312?
4
Calculate the greatest common divisor of 1104 and 395301.
69
What is the greatest common divisor of 5199135 and 130080?
4065
What is the highest common divisor of 34873 and 25?
1
Calculate the greatest common divisor of 1354 and 50443.
1
What is the highest common factor of 1035 and 74835?
45
What is the greatest common factor of 18 and 218928?
6
What is the greatest common factor of 25611167 and 76728?
3197
Calculate the greatest common factor of 19920 and 3355920.
240
Calculate the highest common factor of 10510250 and 25.
25
Calculate the greatest common divisor of 5160 and 22227474.
258
Calculate the greatest common factor of 59738195 and 55.
55
What is the highest common divisor of 2289686 and 21?
7
What is the greatest common divisor of 72 and 172178946?
18
What is the greatest common divisor of 5961240 and 14275?
2855
What is the greatest common divisor of 1287 and 5518539?
117
What is the greatest common divisor of 446 and 101485739?
223
Calculate the highest common divisor of 8558823 and 2583087.
4173
What is the highest common factor of 448 and 128083452?
28
Calculate the greatest common factor of 3838 and 23793176.
202
What is the greatest common factor of 5 and 9398435?
5
What is the greatest common factor of 360900 and 128720?
20
Calculate the highest common factor of 161013 and 238559.
191
What is the greatest common divisor of 1573844 and 230?
46
Calculate the greatest common divisor of 16109 and 1662123.
181
What is the greatest common divisor of 29815 and 2895?
5
What is the greatest common factor of 17841 and 2232003?
939
Calculate the highest common factor of 71644313 and 39.
13
Calculate the greatest common factor of 198749 and 2563.
233
What is the greatest common factor of 145734410 and 22190?
3170
What is the greatest common factor of 1605 and 2549168?
107
What is the greatest common divisor of 14757645 and 777?
21
Calculate the highest common factor of 10 and 130675840.
10
What is the highest common divisor of 11563559 and 26411?
343
Calculate the greatest common factor of 5734 and 2424918.
94
What is the greatest common factor of 246 and 304455381?
123
Calculate the highest common divisor of 2415 and 73823505.
105
What is the highest common divisor of 377 and 1439114183?
377
What is the highest common factor of 42768 and 29810?
22
What is the highest common divisor of 163792848 and 16?
16
Calculate the greatest common divisor of 13753072 and 94.
2
What is the highest common diviso